(y) = -23*y - 50. Let l be b(-7). Suppose 114*f - 1698 = l*f. What are the prime factors of f?
2, 283
Let v(p) = -2821*p - 283. What are the prime factors of v(-5)?
2, 6911
Suppose 2*u - 113 = -4*l + 47, -5*l + 3*u + 189 = 0. List the prime factors of (-6)/l - 99263/(-221).
449
Suppose -3*n - 15 = 0, -5*n + 3 = 23*t - 27*t. List the prime factors of t/(-5) + 14292/45.
11, 29
Let s = 25 + -21. Suppose v + 4*w - 4 = -1, -s*v + 46 = -w. Let n(z) = 6*z - 13. List the prime factors of n(v).
53
Suppose 88 = 5*n + 2*u, -4*n + 80 = -3*u + 28. Let t(v) = 18*v + n*v + 5 + 17*v + 15*v. What are the prime factors of t(1)?
71
Let z = -2105 - -9148. What are the prime factors of z?
7043
Suppose -4*d - 19 = -71. Suppose -5*j + 7 = -d. Suppose 0*g = -5*g - 5*o + 35, -4*g = -j*o + 4. List the prime factors of g.
3
Let s = -227 - -513. Let m = s - 248. List the prime factors of m.
2, 19
Suppose 0 = -3*z + 12 + 3. Let h(w) = -192*w**2 - 184*w**2 + 377*w**2 + 6 + 6*w - 2. List the prime factors of h(z).
59
Let s = 9 - -11. What are the prime factors of 5544/s - 5/25?
277
Let s(c) = 66*c**2 - 445*c + 60. What are the prime factors of s(16)?
2, 2459
Suppose -5*x + x + 3*l = -47, -4*l = 20. Suppose 0 = 3*q - 2*i - 3622, x*q = 4*q - 3*i + 4835. List the prime factors of q.
2, 151
Suppose -283*v + 2830374 = -15078 - 869206. List the prime factors of v.
2, 6563
What are the prime factors of 452154/8 + 572/(-2288)?
56519
Suppose 10*d - 5*d - 5 = 4*n, -5*d + 3*n = -10. Suppose -3*m + 20*a - 24*a + 117 = 0, 4*m = -d*a + 157. List the prime factors of m.
43
Suppose -94*h + 90068 = -89*h - u, 2*u + 54045 = 3*h. What are the prime factors of h?
18013
Suppose -10*c - 66 = -32*c. Suppose w - 9 - 107 = t, c*t = 4*w - 466. What are the prime factors of w?
2, 59
Suppose 2*p = w + 28188 + 25236, -4*w = 4*p - 106824. What are the prime factors of p?
2, 5, 2671
Let y = -115 - -197. Let v = y - 75. Suppose v*i = 11*i - 700. List the prime factors of i.
5, 7
Suppose -2*j = -5*k + 79376, j - 16884 + 999 = -k. List the prime factors of k.
2, 17, 467
Suppose 1292 = 7*p - 528. Let v = p + -82. What are the prime factors of v?
2, 89
Let x(c) = -c - 70*c**3 - 19*c**2 + 18*c**2 + 0*c. Let j(n) = -n - 25. Let b be j(-24). What are the prime factors of x(b)?
2, 5, 7
Let o(w) be the second derivative of 5*w**3 - 9*w**2/2 - 3*w. Let n be o(6). Suppose -941 = -7*m - n. What are the prime factors of m?
2, 5, 11
List the prime factors of -14 - (-13 + 13 - 17103).
23, 743
Suppose 5*t = 3*d - 12943 + 49, 4300 = d - t. List the prime factors of d.
13, 331
Let b(k) = -1192*k**3 + k**2 + 3*k + 7. Let m be b(-2). Suppose -20*s + m = 27*s. List the prime factors of s.
7, 29
What are the prime factors of (428/8)/((-407)/102 + 4)?
3, 17, 107
Suppose 22*k + 195 = -1191. List the prime factors of k/5*(-200)/12.
2, 3, 5, 7
Suppose k - 4 - 1 = 5*s, 0 = 5*k + 2*s + 2. Let d be (351/(-4))/(145/40 - 4). What are the prime factors of 1 + k + d + -5?
2, 5, 23
Let r = -1015 - -4741. Suppose h = g + 4*g - 6210, 0 = -3*g - h + r. Suppose 4*u - 4*i - 732 = 276, -5*u + g = 4*i. What are the prime factors of u?
2, 5
Let j(i) = -221*i + 15. List the prime factors of j(-31).
2, 3433
Suppose -15*r + 12*r = 15. List the prime factors of (109/r - 1)/((-36)/120).
2, 19
Let s be 5 + -6 + 3 - 157. Let f = s - -293. List the prime factors of f.
2, 3, 23
Let j = -72145 + 114280. List the prime factors of j.
3, 5, 53
Suppose o - 5088 = 2*g, -5*g - 18472 = -4*o + 1898. What are the prime factors of o?
2, 3, 5, 17
Suppose 5*f + 2*i = 4 - 0, -5*f - 5*i + 10 = 0. Suppose f = -6*o + 12*o - 2160. What are the prime factors of o?
2, 3, 5
Suppose -3*p = 71 - 77. Suppose -p*x - 452 = -3*x - 5*j, -x + 461 = -4*j. List the prime factors of x.
457
Suppose 0 = 18*l - 7*l - 2387. Suppose -l - 153 = -2*w. What are the prime factors of w?
5, 37
Let p be 3/1 - 3/(-6)*-102. Let f = -50 - p. List the prime factors of (-664)/(-28) + f/(-7).
2, 3
Let x be 1/3*(-60 - -66). Suppose 316 = 3*i - x*t + 7*t, 0 = 2*i - 5*t - 244. List the prime factors of i.
2, 7
Let w(u) = -4*u + 38. Let t be w(9). Suppose -t*q = -8 - 2. Suppose -l - 2*p + 130 = 2*p, 4*p = -q*l + 682. List the prime factors of l.
2, 3, 23
Let v = -463 + 823. Let k = v + -291. List the prime factors of k.
3, 23
Let v(y) = -5 - y**3 - 28*y**2 + 4*y**3 + y**3 - 3*y + 2*y**3. List the prime factors of v(6).
5, 53
Let k(i) = -861*i - 313. Let l be k(-7). Suppose -3*s - l = b - 6*b, -1136 = -b + 4*s. What are the prime factors of b?
2, 11, 13
What are the prime factors of ((-82542)/9)/(20/(-66) - (-196)/(-539))?
13757
Let h(u) be the third derivative of 0 + 5/3*u**3 + 2/3*u**4 + 0*u - 18*u**2. List the prime factors of h(3).
2, 29
Let c(x) = 637*x**2 + 5*x - 5. Let f be c(1). Let d = f + -211. What are the prime factors of d?
2, 3, 71
Let p(s) = s**3 + 3*s**2 - s + 52647. List the prime factors of p(0).
3, 7, 23, 109
Let b be -4 + 5/1 + -4. Let r(p) = -100*p + 5. What are the prime factors of r(b)?
5, 61
Suppose -4*w + 12 = 4*h, -4*h + 41 = -h - 5*w. Suppose -2 = s - h. Suppose -209 = -2*o + 5*q - 8*q, -2*o + s*q = -169. List the prime factors of o.
97
Let q(f) = -73*f**2 - 5*f - 2. Let h(s) = -s**2 + s + 1. Let z(b) = -3*h(b) - q(b). Let t = -228 + 229. What are the prime factors of z(t)?
7, 11
Suppose -4*r + 4628 = 4*p, 3*r = 4*p - p + 3459. Suppose -3*d + 3452 = 4*y + 1097, r = 2*y - 3*d. Suppose 3*x = -0*x + y. List the prime factors of x.
3, 5, 13
Let h = -29 - -44. Suppose 8*v + 1873 = 1889. What are the prime factors of (-430)/(-4) + (v - h/10)?
2, 3
Suppose r = n + 365, 8*r - 6*r + 3*n - 755 = 0. Suppose -24*w + 23*w + r = 0. List the prime factors of w.
2, 5, 37
What are the prime factors of (-7)/5 - 58242/(-5)?
19, 613
Let x = 3550 + 16978. List the prime factors of x.
2, 1283
Let k(a) = a**2 - 34*a + 15. Suppose -5*p + 4*b + 14 - 62 = 0, 6 = -2*p - 5*b. What are the prime factors of k(p)?
3, 13
Suppose 0 = -45*b + 44*b + 814. Let i = b + -453. What are the prime factors of i?
19
Suppose -k + 2 + 2 = -n, -5*n = k - 4. Suppose c = 2*f + 529, f + n*c = 2*c - 263. List the prime factors of f/(-2) - (-27)/18.
2, 67
Suppose -4903 = 16*k - 215. Let a = k + 488. What are the prime factors of a?
3, 5, 13
Let z(i) = 26*i + 34. Let r be z(-26). Let o = r + 1250. List the prime factors of o.
2, 19
Let a be (6/8)/((6/(-4168))/(-1)). Suppose -a = 4*v - 2293. List the prime factors of v.
443
Let g be 8266/10 + (-15)/25. Suppose -4*f = 3*f + g. Let v = -54 - f. List the prime factors of v.
2
Let o(j) = 737*j**2 - 11*j + 2. Let k(v) = -492*v**2 + 7*v - 1. Let i(b) = -8*k(b) - 5*o(b). What are the prime factors of i(-1)?
2, 5
Let i be 5/(-2*1/2*-1). Suppose -2*c + 308 = j, i*j - 1033 = -3*c + 479. What are the prime factors of j?
2, 3, 5
Suppose 147*c = 283*c - 154*c + 296334. What are the prime factors of c?
101, 163
Suppose -2*b = -0*b - 5*h + 15, 35 = -3*b - 5*h. List the prime factors of b/5*(-258 - -1).
2, 257
List the prime factors of (-115)/(-46)*(1381984/55 + 4/(-22)).
3, 20939
Suppose 3*x + 5*g - 1189 = 2*x, -2*x + 2433 = -g. Let w = x + -316. What are the prime factors of w?
2, 449
Let h = 11 + -27. Suppose 3*y - 10 = -4*f, -y + 5*y = -f - 4. List the prime factors of (-2)/h - (-5130)/48 - y.
109
Suppose 0 = -5*a - 4*a + 75819 + 98457. List the prime factors of a.
2, 47, 103
Suppose -3*d + 19 = 5*f - 3*f, -f = 1. Suppose -3697 = -d*r + 3989. List the prime factors of r.
2, 3, 61
Let d be ((-30)/(-4))/(-3)*(-96)/30. List the prime factors of -5*(-156)/d*2.
3, 5, 13
Suppose -4*n - n - n = 0. Suppose n*s + 31 = s. Suppose -4*v = -2*t + s + 95, -t = 4*v - 81. What are the prime factors of t?
3, 23
Suppose -10*s + 6*s = -3*m - 892, -4*s + 5*m = -884. List the prime factors of s.
2, 113
Let b = 98 + -89. Suppose 3*r - b - 36 = 0. List the prime factors of r.
3, 5
Let j(n) = 56*n - 83. Suppose 10 = -16*z + 218. List the prime factors of j(z).
3, 5, 43
Let i(h) be the first derivative of 25 + 5/2*h**2 + 3*h. List the prime factors of i(9).
2, 3
Let t be 22 + -14 - -1*7. Suppose -3*x - 3*i = -6*x + 4275, 5*i = t. List the prime factors of x.
2, 3, 7, 17
Suppose -7045864 = -34*a - 154*a. What are the prime factors of a?
2, 7, 2677
Let x(t) = 7*t**2 - 5*t - t**2 - 8*t - t**3 + 7*t**2. Let j be x(12). 